47
Convert 1004413 (base 5) to base 11.
11218
Convert -2332210 (base 6) to base 16.
-1d8ce
Convert 1a71e (base 16) to base 12.
52826
What is 3fc2a (base 16) in base 8?
776052
-113231003 (base 4) to base 9
-157158
Convert 3322002233 (base 4) to base 11.
63a529
Convert 1000220211 (base 3) to base 4.
10332001
Convert -97153 (base 10) to base 14.
-27597
2021033010 (base 4) to base 6
20014220
Convert -31571206 (base 8) to base 12.
-231445a
Convert -111001101010100001010110 (base 2) to base 8.
-71524126
22140332 (base 5) to base 4
233023001
Convert 1001100100011111 (base 2) to base 8.
114437
What is 31013433 (base 5) in base 11?
16173a
What is 12233341 (base 5) in base 16?
1ccd3
Convert -24020111 (base 5) to base 14.
-5a287
Convert 2350 (base 14) to base 13.
2a4a
Convert 47680 (base 9) to base 2.
111110010100001
Convert 15605557 (base 8) to base 16.
370b6f
-45cbd (base 14) to base 4
-221132233
212111120110 (base 3) to base 6
13525403
Convert 2513652 (base 7) to base 4.
1032320112
What is 524776 (base 12) in base 13?
363a8c
What is 9774a (base 16) in base 8?
2273512
-210210301 (base 5) to base 12
-35941a
What is -2102203442 (base 5) in base 12?
-1550734
What is -44bcd (base 15) in base 9?
-362854
465003 (base 7) to base 2
10100010110011000
What is 342422512 (base 6) in base 9?
12741058
-3412123 (base 5) to base 2
-1110101110000000
Convert -52509 (base 13) to base 9.
-245073
-106190c (base 15) to base 7
-201306111
Convert -22053301 (base 6) to base 13.
-1a17a8
6b5d (base 16) to base 9
41628
What is 13302332022 (base 4) in base 8?
7627612
Convert 535117 (base 11) to base 12.
353430
-28391a (base 14) to base 9
-2552743
What is 151550121 (base 6) in base 12?
108b341
44112124 (base 6) to base 9
2425087
4b9853 (base 15) to base 6
205421540
Convert 452243354 (base 6) to base 5.
4101423412
What is -101111211202 (base 3) in base 11?
-131510
Convert -32562 (base 8) to base 6.
-143202
-123332130 (base 4) to base 9
-184160
Convert 1303203103 (base 5) to base 7.
36005563
101011000010111000 (base 2) to base 8
530270
What is 370357 (base 9) in base 4?
312202021
b00852 (base 12) to base 3
12011010022222
What is 126645251 (base 7) in base 9?
16433478
155452304 (base 7) to base 6
1014050235
Convert 105040535 (base 6) to base 3.
10121110101112
-532302541 (base 6) to base 4
-203223332131
Convert 1a2d374 (base 14) to base 13.
290b921
Convert 3688a (base 12) to base 5.
4330314
9a0611a (base 11) to base 8
102776077
-1146225 (base 10) to base 13
-311952
Convert -4112244 (base 6) to base 16.
-2fe84
Convert 4d122 (base 14) to base 9.
318024
Convert 12846c (base 15) to base 7.
10360515
What is -110130411 (base 6) in base 2?
-111100001010010100111
-250363 (base 9) to base 3
-21200102010
What is 4550db (base 14) in base 11?
1370080
Convert 125588 (base 13) to base 5.
103042412
-416b2c (base 14) to base 13
-5c423a
Convert -22233321 (base 5) to base 6.
-4111450
What is -135403541 (base 6) in base 10?
-2784661
What is 6b7189 (base 13) in base 11?
1497612
What is 1823597 (base 11) in base 5?
1243001310
32200311 (base 4) to base 15
12930
What is -13a3cc (base 14) in base 5?
-133300110
What is 1c89cc (base 13) in base 15?
e7410
Convert -490943 (base 15) to base 13.
-954b97
-20221110202200 (base 3) to base 16
-384e2b
50373 (base 13) to base 15
2c756
What is -1aa79b (base 12) in base 2?
-1110011110111100111
Convert -2a006 (base 13) to base 8.
-232372
What is -443070 (base 8) in base 4?
-210120320
3152043 (base 6) to base 7
1212654
What is -15904c (base 13) in base 15?
-a830a
4a5a231 (base 12) to base 5
12211203131
What is 42882 (base 9) in base 4?
12330020
What is a6a29 (base 13) in base 11?
195868
-325a0d (base 14) to base 3
-10012200012002
-2b95c (base 14) to base 4
-122210332
Convert -12976a (base 11) to base 5.
-23000420
-554026 (base 8) to base 9
-313610
Convert -1375406 (base 11) to base 10.
-2364346
20111011 (base 4) to base 16
8545
Convert -41d05 (base 14) to base 13.
-5747a
-101002102 (base 4) to base 13
-259b7
125201234 (base 6) to base 11
144a821
Convert -6702 (base 8) to base 6.
-24150
What is 10112201010 (base 3) in base 14?
1b5d9
Convert -10110244 (base 5) to base 3.
-11011102011
-2145643 (base 10) to base 11
-1236065
What is -1100000011011111101 (base 2) in base 10?
-395005
What is -10021212000 (base 3) in base 4?
-33310011
What is -1c380 (base 13) in base 6?
-1105040
Convert 38a30 (base 11) to base 3.
2211120012
201101000111 (base 3) to base 10
381280
-38118 (base 14) to base 11
-94276
-248fb (base 16) to base 7
-1162414
Convert -49742 (base 14) to base 8.
-537116
cd08d (base 14) to base 2
1111001010010010101
11b9a (base 14) to base 4
22212330
What is 2914860 (base 11) in base 14?
94716c
What is -1108337 (base 9) in base 6?
-20442011
What is -11232320322 (base 4) in base 13?
-408024
-22220121101020 (base 3) to base 7
-55153113
What is 9052c9 (base 16) in base 12?
3201721
Convert 22011221001 (base 3) to base 5.
20123211
Convert 10100011100100011 (base 2) to base 11.
57a14
131231032303 (base 4) to base 11
4439904
3362642 (base 7) to base 5
101400114
What is d434b8 (base 14) in base 10?
7154554
What is 519c69 (base 14) in base 2?
1010100000100001110101
Convert -111010100110110000 (base 2) to base 12.
-b6b00
What is -43511513 (base 8) in base 3?
-122120201022101
What is 2573131 (base 8) in base 11?
450844
-51110 (base 10) to base 2
-1100011110100110
Convert 7614e3 (base 15) to base 13.
121ba3b
48a652 (base 11) to base 9
1411613
Convert 123122311 (base 4) to base 13.
3c172
93599d (base 14) to base 5
2233040122
Convert -101222220202 (base 3) to base 8.
-646604
Convert 10000101110100011000011 (base 2) to base 14.
822039
Convert -91a58 (base 13) to base 7.
-2134650
Convert 11100101100000010011100 (base 2) to base 6.
425104420
Convert -c9c416 (base 14) to base 11.
-394800a
121121122 (base 4) to base 12
5024a
Convert -10010001000111011001 (base 2) to base 16.
-911d9
Convert 346627 (base 10) to base 7.
2642401
e7a0 (base 15) to base 5
3031400
-ad0d7 (base 15) to base 16
-865b7
What is 701a46 (base 11) in base 8?
4236734
Convert 4204464 (base 7) to base 2.
1111011011111100000
Convert 102402411 (base 5) to base 3.
211002100011
Convert 2213302 (base 4) to base 13.
4b70
-1a5d4 (base 14) to base 12
-32952
What is -10461252 (base 8) in base 10?
-2253482
What is 1894559 (base 12) in base 2?
10011101110011100010101
Convert -12878 (base 16) to base 15.
-1774b
-2df71 (base 16) to base 3
-100120021002
Convert 63b55 (base 12) to base 7.
1054436
-10110120211 (base 3) to base 16
-10a80
Convert 99985 (base 13) to base 9.
463861
13375064 (base 8) to base 9
5602258
What is 417127 (base 8) in base 13?
4b26c
What is 620473 (base 8) in base 9?
342325
-b5088 (base 13) to base 10
-325268
What is -643525 (base 7) in base 10?
-111739
What is -33e53 (base 16) in base 14?
-57671
What is -101b63 (base 12) in base 10?
-252219
2560520 (base 9) to base 16
15549c
What is 1ac0f5 (base 16) in base 5?
422101313
60338 (base 15) to base 12
128252
-332503 (base 9) to base 8
-604050
Convert 169063a (base 11) to base 15.
3ba755
What is 38a252 (base 12) in base 9?
1666658
What is e7e07 (base 16) in base 14?
1aa1a7
What is -23234483 (base 9) in base 2?
-101011000111000111101101
-c47634 (base 15) to base 13
-1c20355
What is -22646300 (base 7) in base 5?
-1002320120
What is 23104502 (base 6) in base 9?
1300082
-463467 (base 8) to base 4
-212130313
What is 48abef (base 16) in base 12?
171817b
Convert 64142 (base 12) to base 11.
8a8a6
What is 190252 (base 16) in base 11?
a1a445
Convert ab34c (base 14) to base 2.
1100101010100011000
Convert 37a0c (base 16) to base 4.
313220030
What is -3b695 (base 13) in base 6?
-2213454
-530438 (base 9) to base 6
-10431355
Convert -43115105 (base 6) to base 13.
-356030
Convert -1130322004 (base 5) to base 14.
-4b572c
-481757 (base 14) to base 11
-1432395
1101101000000101111 (base 2) to base 11
28551a
701860 (base 11) to base 16
113cfa
What is 13881 (base 13) in base 11?
25561
Convert 10110100111111011 (base 2) to base 14.
25ab1
Convert -b1814 (base 14) to base 8.
-1501632
Convert 89093 (base 14) to base 13.
b8253
What is 6c7371 (base 13) in base 6?
131234220
What is -1031045 (base 8) in base 11?
-178663
22100011202 (base 4) to base 13
731249
23991 (base 13) to base 6
1222320
Convert 4405